igit of 93172?
1
What is the tens digit of 19829?
2
What is the hundreds digit of 7264?
2
What is the tens digit of 7452?
5
What is the tens digit of 6359?
5
What is the thousands digit of 13162?
3
What is the units digit of 3732?
2
What is the hundreds digit of 1580?
5
What is the thousands digit of 4672?
4
What is the tens digit of 1762?
6
What is the tens digit of 459?
5
What is the hundreds digit of 45186?
1
What is the tens digit of 3000?
0
What is the hundreds digit of 6620?
6
What is the units digit of 1435?
5
What is the tens digit of 1356?
5
What is the tens digit of 3038?
3
What is the thousands digit of 1042?
1
What is the thousands digit of 18281?
8
What is the tens digit of 1913?
1
What is the tens digit of 48084?
8
What is the hundreds digit of 24830?
8
What is the thousands digit of 23187?
3
What is the thousands digit of 5447?
5
What is the units digit of 361?
1
What is the hundreds digit of 3438?
4
What is the thousands digit of 12872?
2
What is the hundreds digit of 3517?
5
What is the hundreds digit of 31594?
5
What is the tens digit of 1120?
2
What is the thousands digit of 1186?
1
What is the units digit of 4598?
8
What is the tens digit of 11228?
2
What is the ten thousands digit of 99320?
9
What is the units digit of 67183?
3
What is the tens digit of 6234?
3
What is the tens digit of 452?
5
What is the ten thousands digit of 14244?
1
What is the hundreds digit of 1751?
7
What is the tens digit of 799?
9
What is the thousands digit of 2240?
2
What is the tens digit of 59044?
4
What is the units digit of 90?
0
What is the hundreds digit of 80171?
1
What is the tens digit of 1709?
0
What is the thousands digit of 6211?
6
What is the tens digit of 967?
6
What is the thousands digit of 3003?
3
What is the hundreds digit of 47828?
8
What is the thousands digit of 1820?
1
What is the tens digit of 5290?
9
What is the tens digit of 6582?
8
What is the ten thousands digit of 42715?
4
What is the tens digit of 4077?
7
What is the hundreds digit of 13811?
8
What is the ten thousands digit of 103832?
0
What is the tens digit of 5406?
0
What is the thousands digit of 4463?
4
What is the tens digit of 3573?
7
What is the units digit of 36731?
1
What is the tens digit of 169250?
5
What is the tens digit of 924?
2
What is the ten thousands digit of 93254?
9
What is the ten thousands digit of 79188?
7
What is the units digit of 519?
9
What is the hundreds digit of 6231?
2
What is the hundreds digit of 36611?
6
What is the tens digit of 12580?
8
What is the tens digit of 22565?
6
What is the units digit of 2230?
0
What is the tens digit of 221?
2
What is the thousands digit of 4143?
4
What is the tens digit of 107203?
0
What is the hundreds digit of 1503?
5
What is the tens digit of 16786?
8
What is the tens digit of 870?
7
What is the ten thousands digit of 13403?
1
What is the thousands digit of 4334?
4
What is the units digit of 6325?
5
What is the thousands digit of 3663?
3
What is the thousands digit of 1580?
1
What is the hundreds digit of 97504?
5
What is the tens digit of 990?
9
What is the hundreds digit of 536?
5
What is the thousands digit of 1221?
1
What is the thousands digit of 1264?
1
What is the tens digit of 475?
7
What is the units digit of 4026?
6
What is the hundreds digit of 1693?
6
What is the thousands digit of 2622?
2
What is the units digit of 838?
8
What is the hundreds digit of 12313?
3
What is the units digit of 2415?
5
What is the units digit of 63?
3
What is the hundreds digit of 5028?
0
What is the tens digit of 1003?
0
What is the tens digit of 2001?
0
What is the thousands digit of 3622?
3
What is the tens digit of 5058?
5
What is the units digit of 18002?
2
What is the hundreds digit of 62517?
5
What is the tens digit of 1119?
1
What is the tens digit of 3162?
6
What is the tens digit of 2549?
4
What is the hundreds digit of 2091?
0
What is the tens digit of 7375?
7
What is the hundreds digit of 1922?
9
What is the tens digit of 50701?
0
What is the thousands digit of 8855?
8
What is the ten thousands digit of 26597?
2
What is the hundreds digit of 2529?
5
What is the thousands digit of 96357?
6
What is the hundreds digit of 12730?
7
What is the units digit of 2289?
9
What is the tens digit of 501?
0
What is the hundreds digit of 3386?
3
What is the tens digit of 3593?
9
What is the hundreds digit of 425?
4
What is the hundreds digit of 395?
3
What is the hundreds digit of 2831?
8
What is the hundreds digit of 1429?
4
What is the thousands digit of 22335?
2
What is the tens digit of 1438?
3
What is the units digit of 1202?
2
What is the hundreds digit of 24613?
6
What is the thousands digit of 6931?
6
What is the thousands digit of 8992?
8
What is the units digit of 6275?
5
What is the hundreds digit of 5945?
9
What is the thousands digit of 12145?
2
What is the thousands digit of 3858?
3
What is the hundreds digit of 11587?
5
What is the ten thousands digit of 19392?
1
What is the hundreds digit of 992?
9
What is the hundreds digit of 1644?
6
What is the thousands digit of 53138?
3
What is the units digit of 761?
1
What is the hundreds digit of 1347?
3
What is the units digit of 749?
9
What is the thousands digit of 6262?
6
What is the tens digit of 6802?
0
What is the units digit of 24221?
1
What is the thousands digit of 7452?
7
What is the hundreds digit of 29672?
6
What is the ten thousands digit of 14032?
1
What is the ten thousands digit of 46267?
4
What is the hundreds digit of 544?
5
What is the units digit of 20031?
1
What is the hundreds digit of 3132?
1
What is the units digit of 9057?
7
What is the units digit of 1848?
8
What is the units digit of 16167?
7
What is the tens digit of 8089?
8
What is the hundreds digit of 3877?
8
What is the thousands digit of 17070?
7
What is the units digit of 2116?
6
What is the tens digit of 31584?
8
What is the units digit of 20026?
6
What is the hundreds digit of 461?
4
What is the units digit of 60?
0
What is the tens digit of 41902?
0
What is the ten thousands digit of 21598?
2
What is the thousands digit of 123433?
3
What is the thousands digit of 3902?
3
What is the units digit of 38639?
9
What is the tens digit of 22703?
0
What is the thousands digit of 3920?
3
What is the thousands digit of 5906?
5
What is the units digit of 8442?
2
What is the units digit of 2124?
4
What is the hundreds digit of 171?
1
What is the hundreds digit of 2749?
7
What is the thousands digit of 2313?
2
What is the hundreds digit of 29484?
4
What is the hundreds digit of 11240?
2
What is the ten thousands digit of 49775?
4
What is the units digit of 9973?
3
What is the tens digit of 13251?
5
What is the tens digit of 3667?
6
What is the tens digit of 2399?
9
What is the thousands digit of 3191?
3
What is the hundreds digit of 5312?
3
What is the thousands digit of 36132?
6
What is the thousands digit of 1205?
1
What is the units digit of 776?
6
What is the hundreds digit of 8360?
3
What is the hundreds digit of 2074?
0
What is the tens digit of 1626?
2
What is the units digit of 776?
6
What is the hundreds digit of 142139?
1
What is the hundreds digit of 3223?
2
What is the units digit of 5028?
8
What is the units digit of 1344?
4
What is the units digit of 2428?
8
What is the units digit of 487?
7
What is the thousands digit of 20822?
0
What is the units digit of 805?
5
What is the thousands digit of 45622?
5
What is the hundreds digit of 48951?
9
What is the tens digit of 634?
3
What is the units digit of 696?
6
What is the units digit of 2427?
7
What is the tens digit of 272?
7
What is the hundreds digit of 974?
9
What is the tens digit of 1572?
7
What is the tens digit of 6727?
2
What is the units digit of 2365?
5
What is the units digit of 1072?
2
What is the thousands digit of 1784?
1
What is the hundreds digit of 173?
1
What is the hundreds digit of 3512?
5
What is the hundreds digit of 565?
5
What is the hundreds digit of 2143?
1
What is the thousands digit of 15634?
5
What is the units digit of 27818?
8
What is the units digit of 2107?
7
What is the tens digit of 73?
7
What is the thousands digit of 46679?
6
What is the units digit of 1169?
9
What is the tens digit of 23840?
4
What is the units digit of 3630?
0
What is the hundreds digit of 103357?
3
What is t